177 = -5*l - 2*f. What is the tens digit of l?
3
Let q be 1382*1/(-8)*-4. Let b = q + -367. What is the tens digit of b?
2
Let c be (-11820)/35 + (-10)/35. Let y = -6 - c. What is the units digit of y?
2
Let c be 2/((-2 + 5)/9). Let n(h) be the second derivative of -h**3/3 + 10*h**2 - 58*h. What is the units digit of n(c)?
8
Suppose -22*d + 17*d + n = -82454, d + 5*n - 16522 = 0. What is the units digit of d?
2
Let i(k) = -3*k**3 - 5*k**2 - 2*k + 4. Let a(n) = -n**3 - 1. Let c(x) = 2*a(x) - i(x). Suppose -109*b = -108*b + 4. What is the units digit of c(b)?
2
Let i = -487 - -335. Let m = 270 + i. What is the tens digit of m?
1
Let z(x) = -x**3 - 17*x**2 - 13*x - 19. Let j be z(-16). Let b = j + 72. Suppose 0 = -b*s + a + 533, -2*s + 155 = -5*a - 49. What is the hundreds digit of s?
1
Let q be (-4 - -2) + 1 + 3. Suppose 156 = y - w, -8*w + 324 = q*y - 4*w. What is the units digit of y?
8
Let l(d) = 2*d - 1. Let h(n) be the third derivative of -n**4/24 + 33*n**2. Let u(c) = 21*h(c) + 3*l(c). What is the tens digit of u(-4)?
5
Let s(c) = 2*c**2 + 2*c - 20. Let f be s(4). Let q be 8 - 3*4*5/f. Suppose q*h + 249 = 6*h. What is the tens digit of h?
4
Let n = -11 + 2. Let v(d) = 22 - 9*d + 16*d + 7 - 14*d. What is the tens digit of v(n)?
9
Let w(b) = 12*b + 16. Let s be w(12). Suppose s*j - 2490 = 155*j. What is the hundreds digit of j?
4
Suppose -3*i - 129817 = -22*i + 26420. What is the hundreds digit of i?
2
Let j(r) = 13*r - 34. Let h(f) = -40*f + 102. Let k(n) = 3*h(n) + 10*j(n). What is the tens digit of k(7)?
3
Let u(f) = -f**2 - f + 2. Let m be u(2). Let d(v) = 4*v + 29. Let z(w) = -w - 14. Let s(g) = -3*d(g) - 7*z(g). What is the tens digit of s(m)?
3
Suppose 10378 = 32*y - 13519 + 4889. What is the tens digit of y?
9
Let v(f) = -f**3 - 28*f**2 + 35*f - 17. Let a be ((-6)/(-5))/((-8)/200). What is the tens digit of v(a)?
3
Let a(l) = -2*l + 20. Suppose 4*p - 2*z - 10 - 46 = 0, -4*p + 50 = z. Let v be a(p). Let y(j) = -j**3 - 3*j**2 - j - 11. What is the tens digit of y(v)?
0
Let w(s) = 61*s**3 - 6*s**2 + 2*s + 6. Let b be w(4). Suppose -43*q + b = -22*q. What is the hundreds digit of q?
1
Let g be (28/(-6))/((-3)/9). Suppose 27*k = g*k + 26. Suppose 0*p + p - 17 = k*s, 0 = -2*p - 3*s + 27. What is the tens digit of p?
1
Suppose 45*i + 156*i = 14*i + 15105486. What is the tens digit of i?
7
Suppose -3*x - 6 = 0, -r - 907*x = -910*x - 37987. What is the thousands digit of r?
7
Let j be (-618)/3*9/(-6). Let i = -146 + j. Suppose -4*t - i = 5*w - 496, -3*w = 2*t - 201. What is the tens digit of w?
6
Let y = 26 + -24. Suppose y*t - 5*j = 82, -4*t = j + j - 116. Suppose t*h - 528 = 23*h. What is the tens digit of h?
6
Let g be (-112281)/65 - (-4)/30*3. What is the tens digit of g/(-22)*4/1?
1
Let l = -388 + 400. What is the hundreds digit of (-1 - 39/l)/((-20)/6320)?
3
What is the hundreds digit of (4/(-21)*19359)/((-8)/28)?
9
Suppose 10 = -4*h + 2. Let b be 42/5*((-27)/(-6) + h). Suppose 3*v = -3*k + 21, 5*v + 1 = b. What is the units digit of k?
3
Let m(q) = 6825*q**2 + 9*q - 3. What is the ten thousands digit of m(-3)?
6
Let x = -143 + 139. What is the hundreds digit of 1/x + 84677/68?
2
Let o be (1 + 0)*(-2 - -5). Let b(l) = 32*l**2 + 3*l + 1. Let c be b(o). Let j = c - 161. What is the hundreds digit of j?
1
Let n(p) = p**2 + 144*p + 2577. What is the units digit of n(-128)?
9
Suppose q + 154 = 23*q. Suppose -q*b = 5*b - 4308. What is the tens digit of b?
5
Let c be 50/2*(-5 - 416/(-40)). Let g = c - -33. What is the tens digit of g?
6
Let x = -49 - -51. Let k(n) = -5*n**3 + 3*n**2 - 3*n + 3. Let h be k(x). Let i = h + 35. What is the units digit of i?
4
Suppose -2*x = -4*b - 14, 2*x - 7 = 3*x + 5*b. What is the tens digit of (56/(-70))/(x/(-1725))?
6
Let q(p) = 754*p + 56. What is the units digit of q(3)?
8
Suppose -57*z = -20602 - 465095. What is the units digit of z?
1
Let f(m) = m**2 + 4*m. Suppose 3*s - 112 = 5*y - 33, -4*y - 44 = 4*s. Let j be f(y). Suppose 0 = -2*u + 70 + j. What is the units digit of u?
5
What is the ten thousands digit of 132/11 + 0 + 682488/9?
7
Suppose 2*f - 5*y - 1766 + 432 = 0, -2*f + 1366 = 3*y. Let s = f - -332. What is the thousands digit of s?
1
Let s be (1 - (2326/8 + -2))*-4. Suppose 0 = -k + s - 429. What is the units digit of k?
2
Let o(v) = -76*v**2. Let l be o(-1). Let w = -292 - -342. Let a = w - l. What is the tens digit of a?
2
Suppose -4*g - 3*z = 30, -2*g - 22 + 0 = 5*z. Let w be g/108*4 + (-2002)/(-18). Suppose t - u = 3*u + w, 2*t = -2*u + 232. What is the tens digit of t?
1
Let v(o) = 3*o**3 - 17*o**2 + 4*o + 23. Suppose 0 = 2*t + 4*t. Suppose t*k - 5*k = -35. What is the hundreds digit of v(k)?
2
Let w be (-2 + 0)*(-5)/2. Let m = -1516 - -1579. Suppose -w*o - 2*u + 351 = m, 2 = -2*u. What is the tens digit of o?
5
Let r be 8/((-900)/455 - 1 - -3). Suppose 0 = 3*u + m - r, -3*m + 9 - 24 = 0. What is the tens digit of u?
2
Suppose -59*i - 152*i - 737447 = -3910887. What is the tens digit of i?
4
Let k = 48 + -89. Let d = -39 - k. Suppose 38 = -d*z + 210. What is the units digit of z?
6
Suppose 0 = 196*w - 191*w. Suppose -2*c = -1 - 7. Suppose w = -g - 4, -c*i = i - 5*g - 870. What is the units digit of i?
0
Let w = 305 + -137. Let n(d) = -7*d**2 + 31*d + 32. Let j be n(5). Suppose 0 = 10*z - j*z + w. What is the tens digit of z?
8
Let u be -126*(-5)/20*(-12)/9. Let p be 5/((-12)/u + (-9)/7). What is the tens digit of (p/10)/(1/(-390))?
9
Let q(k) = 4*k - 20. Let x be q(5). Let l be 28/35 - (-466)/5. Suppose x = 2*z - 4*z + l. What is the units digit of z?
7
Suppose 496*b = 331*b + 6040815. What is the ten thousands digit of b?
3
Let t = 1157 + -2048. What is the tens digit of -2 - t - (-26 - -24)?
9
Let x be (2 + (-33)/12)/(1/(-8)). Let n be -2 - (6*x)/4. Let z(a) = -a**2 - 13*a + 6. What is the tens digit of z(n)?
2
Let o(i) = -2*i - 19. Let a be o(-11). Suppose 0 = -4*d - 2*z - 26, -a*d - z - 15 = 2*z. What is the units digit of ((-707)/28 - 5)/(2/d)?
1
Suppose -36709*b - 469714 = -36723*b. What is the ten thousands digit of b?
3
Let b(h) = 408*h + 532. What is the thousands digit of b(10)?
4
Let y(a) = -44*a + 1. Let o be y(2). Let x = o - -88. What is the tens digit of x + (0 - 0 - (-4 - 142))?
4
Let l = 266 - 266. Suppose -x + 486 - 170 = l. What is the tens digit of x?
1
Let r = -1333 + 589. Let c = r - -1265. What is the hundreds digit of c?
5
Suppose -30 = r + 5*y + 336, -2*y + 1749 = -5*r. Suppose -2*z - 2538 = 5*s - z, -3*z - 1023 = 2*s. Let k = r - s. What is the units digit of k?
6
Let t(d) = -16*d. Let a = -83 + 87. Let r be t(a). What is the units digit of (r*(1 - 2))/(10 - 8)?
2
Suppose -11*x + 120315 + 37772 = 13349. What is the hundreds digit of x?
1
Let o(w) = -w**3 - 3*w**2 + 29*w - 19. Suppose -11*k - 36 = -7*k. What is the units digit of o(k)?
6
Suppose 0 = -42*m + 59*m - 34. Suppose m*t - 910 = 774. What is the tens digit of t?
4
Let t = -5973 + 7231. What is the thousands digit of t?
1
Let s(m) = 15*m + 260. Let j be s(-8). Let z = -69 + j. What is the units digit of z?
1
Let r be (3 + -127)/(5 + -6). Suppose r = -7*c + 1664. Suppose -13*x + c + 1821 = 0. What is the tens digit of x?
5
Let p be 2/6*(-5 - 55)/5. Let w(n) = -n**3 - 4*n**2 - n + 5. What is the units digit of w(p)?
9
Let n(c) = 7*c**2 + 36*c - 431. What is the tens digit of n(-34)?
3
Suppose -5*d + 31 = 4*y, y + 0 + 8 = d. Suppose 0 = -n - m + 243, -2*m + 689 = 3*n - d*m. What is the tens digit of n?
3
What is the hundreds digit of (60/35)/((-230)/(-6727707)*6/10)?
5
Let o(g) = g**2 - 21*g - 17. Let r be o(22). Suppose 0 = v + r*h - 348, 5*v + h - 1127 = 565. What is the hundreds digit of v?
3
Suppose 18*y = 13*y - 2960. What is the tens digit of (46/8)/((-37)/y)?
9
Suppose 4*q + z = 51173, 2*q - q + 3*z - 12774 = 0. What is the thousands digit of q?
2
Let y(b) = -69 - 91*b - 30*b + 249. What is the hundreds digit of y(-5)?
7
Suppose 19*m + 16 = 54. What is the hundreds digit of ((-3284)/8 - m)*(-2)/3?
2
Suppose 5*q + 4*x = 33424, -q - 4*x = q - 13372. Suppose 47*h - 53*h = -q. What is the tens digit of h?
1
Let j be (-329103)/(-81) - (-7 + 1). Let c = j + -2642. What is the thousands digit of c?
1
Suppose -211791 - 32364 = -26*g + 116179. What is the tens digit of g?
5
What is the hundreds digit of 9/1 + 